{"id":962,"date":"2022-10-23T21:42:51","date_gmt":"2022-10-23T21:42:51","guid":{"rendered":"https:\/\/xn--ginkgo-sphre-6db.ch\/?page_id=962"},"modified":"2023-09-24T18:09:29","modified_gmt":"2023-09-24T18:09:29","slug":"contact-2","status":"publish","type":"page","link":"https:\/\/xn--ginkgo-sphre-6db.ch\/index.php\/contact-2\/","title":{"rendered":"Contact"},"content":{"rendered":"\t\t<div data-elementor-type=\"wp-page\" data-elementor-id=\"962\" class=\"elementor elementor-962\">\n\t\t\t\t\t\t<section class=\"elementor-section elementor-top-section elementor-element elementor-element-45c792b9 elementor-section-boxed elementor-section-height-default elementor-section-height-default\" data-id=\"45c792b9\" data-element_type=\"section\">\n\t\t\t\t\t\t<div class=\"elementor-container elementor-column-gap-default\">\n\t\t\t\t\t<div class=\"elementor-column elementor-col-100 elementor-top-column elementor-element elementor-element-484c9f66\" data-id=\"484c9f66\" data-element_type=\"column\">\n\t\t\t<div class=\"elementor-widget-wrap elementor-element-populated\">\n\t\t\t\t\t\t<div class=\"elementor-element elementor-element-e9da77b elementor-widget elementor-widget-text-editor\" data-id=\"e9da77b\" data-element_type=\"widget\" data-widget_type=\"text-editor.default\">\n\t\t\t\t<div class=\"elementor-widget-container\">\n\t\t\t\t\t\t\t\t\t\n<p><\/p>\n\n\n\n<div class=\"wp-block-uagb-container uagb-block-ef870292 alignfull uagb-is-root-container\"><div class=\"uagb-container-inner-blocks-wrap\">\n\n<div class=\"wp-block-uagb-advanced-heading uagb-block-deec2ffb\"><h1 class=\"uagb-heading-text\">Prenez rendez-vous !<\/h1><\/div>\n<\/div><\/div>\n\n\n\nT\u00e9l\u00e9phone : <\/a> <a href=\"tel:+41787223882\"> +41 78 722 38 82 <\/a>\n\n\n\n<p><\/p>\n\n\n\nEmail : <\/a> <a href = \"mailto:luisa@ginkgo-sph\u00e8re.ch?subject = Feedback&#038;body = Message\">\nluisa@ginkgo-sph\u00e8re.ch\n<\/a>\n\t\t\t\t\t\t\t\t<\/div>\n\t\t\t\t<\/div>\n\t\t\t\t\t<\/div>\n\t\t<\/div>\n\t\t\t\t\t<\/div>\n\t\t<\/section>\n\t\t\t\t<\/div>\n\t\t","protected":false},"excerpt":{"rendered":"<p>Prenez rendez-vous ! T\u00e9l\u00e9phone : +41 78 722 38 82 Email : luisa@ginkgo-sph\u00e8re.ch<\/p>\n","protected":false},"author":1,"featured_media":1207,"parent":0,"menu_order":0,"comment_status":"closed","ping_status":"closed","template":"","meta":{"om_disable_all_campaigns":false,"_uag_custom_page_level_css":"","_monsterinsights_skip_tracking":false,"_monsterinsights_sitenote_active":false,"_monsterinsights_sitenote_note":"","_monsterinsights_sitenote_category":0,"footnotes":""},"class_list":["post-962","page","type-page","status-publish","has-post-thumbnail","hentry"],"aioseo_notices":[],"uagb_featured_image_src":{"full":["https:\/\/xn--ginkgo-sphre-6db.ch\/wp-content\/uploads\/2022\/10\/pumpkins-vegetables-harvest-7545052.jpg",1280,853,false],"thumbnail":["https:\/\/xn--ginkgo-sphre-6db.ch\/wp-content\/uploads\/2022\/10\/pumpkins-vegetables-harvest-7545052-150x150.jpg",150,150,true],"medium":["https:\/\/xn--ginkgo-sphre-6db.ch\/wp-content\/uploads\/2022\/10\/pumpkins-vegetables-harvest-7545052-300x200.jpg",300,200,true],"medium_large":["https:\/\/xn--ginkgo-sphre-6db.ch\/wp-content\/uploads\/2022\/10\/pumpkins-vegetables-harvest-7545052-768x512.jpg",767,511,true],"large":["https:\/\/xn--ginkgo-sphre-6db.ch\/wp-content\/uploads\/2022\/10\/pumpkins-vegetables-harvest-7545052-1024x682.jpg",767,511,true],"post-slider-thumb-size":["https:\/\/xn--ginkgo-sphre-6db.ch\/wp-content\/uploads\/2022\/10\/pumpkins-vegetables-harvest-7545052-330x190.jpg",330,190,true],"post-category-slider-size":["https:\/\/xn--ginkgo-sphre-6db.ch\/wp-content\/uploads\/2022\/10\/pumpkins-vegetables-harvest-7545052-330x350.jpg",330,350,true],"1536x1536":["https:\/\/xn--ginkgo-sphre-6db.ch\/wp-content\/uploads\/2022\/10\/pumpkins-vegetables-harvest-7545052.jpg",1280,853,false],"2048x2048":["https:\/\/xn--ginkgo-sphre-6db.ch\/wp-content\/uploads\/2022\/10\/pumpkins-vegetables-harvest-7545052.jpg",1280,853,false],"blossom-spa-single":["https:\/\/xn--ginkgo-sphre-6db.ch\/wp-content\/uploads\/2022\/10\/pumpkins-vegetables-harvest-7545052-1280x700.jpg",1280,700,true],"blossom-spa-service":["https:\/\/xn--ginkgo-sphre-6db.ch\/wp-content\/uploads\/2022\/10\/pumpkins-vegetables-harvest-7545052-480x324.jpg",480,324,true],"blossom-spa-team":["https:\/\/xn--ginkgo-sphre-6db.ch\/wp-content\/uploads\/2022\/10\/pumpkins-vegetables-harvest-7545052-270x300.jpg",270,300,true],"blossom-spa-pagination":["https:\/\/xn--ginkgo-sphre-6db.ch\/wp-content\/uploads\/2022\/10\/pumpkins-vegetables-harvest-7545052-370x247.jpg",370,247,true],"blossom-spa-blog-list":["https:\/\/xn--ginkgo-sphre-6db.ch\/wp-content\/uploads\/2022\/10\/pumpkins-vegetables-harvest-7545052-640x480.jpg",640,480,true],"blossom-spa-blog-classic":["https:\/\/xn--ginkgo-sphre-6db.ch\/wp-content\/uploads\/2022\/10\/pumpkins-vegetables-harvest-7545052-776x517.jpg",776,517,true],"blossom-spa-blog-classic-full":["https:\/\/xn--ginkgo-sphre-6db.ch\/wp-content\/uploads\/2022\/10\/pumpkins-vegetables-harvest-7545052-1170x517.jpg",1170,517,true],"blossom-spa-related":["https:\/\/xn--ginkgo-sphre-6db.ch\/wp-content\/uploads\/2022\/10\/pumpkins-vegetables-harvest-7545052-110x83.jpg",110,83,true]},"uagb_author_info":{"display_name":"yuutajorand","author_link":"https:\/\/xn--ginkgo-sphre-6db.ch\/index.php\/author\/yuutajorand\/"},"uagb_comment_info":0,"uagb_excerpt":"Prenez rendez-vous ! T\u00e9l\u00e9phone : +41 78 722 38 82 Email : luisa@ginkgo-sph\u00e8re.ch","_links":{"self":[{"href":"https:\/\/xn--ginkgo-sphre-6db.ch\/index.php\/wp-json\/wp\/v2\/pages\/962","targetHints":{"allow":["GET"]}}],"collection":[{"href":"https:\/\/xn--ginkgo-sphre-6db.ch\/index.php\/wp-json\/wp\/v2\/pages"}],"about":[{"href":"https:\/\/xn--ginkgo-sphre-6db.ch\/index.php\/wp-json\/wp\/v2\/types\/page"}],"author":[{"embeddable":true,"href":"https:\/\/xn--ginkgo-sphre-6db.ch\/index.php\/wp-json\/wp\/v2\/users\/1"}],"replies":[{"embeddable":true,"href":"https:\/\/xn--ginkgo-sphre-6db.ch\/index.php\/wp-json\/wp\/v2\/comments?post=962"}],"version-history":[{"count":25,"href":"https:\/\/xn--ginkgo-sphre-6db.ch\/index.php\/wp-json\/wp\/v2\/pages\/962\/revisions"}],"predecessor-version":[{"id":1340,"href":"https:\/\/xn--ginkgo-sphre-6db.ch\/index.php\/wp-json\/wp\/v2\/pages\/962\/revisions\/1340"}],"wp:featuredmedia":[{"embeddable":true,"href":"https:\/\/xn--ginkgo-sphre-6db.ch\/index.php\/wp-json\/wp\/v2\/media\/1207"}],"wp:attachment":[{"href":"https:\/\/xn--ginkgo-sphre-6db.ch\/index.php\/wp-json\/wp\/v2\/media?parent=962"}],"curies":[{"name":"wp","href":"https:\/\/api.w.org\/{rel}","templated":true}]}}