{"id":924,"date":"2022-10-23T20:12:50","date_gmt":"2022-10-23T20:12:50","guid":{"rendered":"https:\/\/xn--ginkgo-sphre-6db.ch\/?page_id=924"},"modified":"2022-10-30T18:32:45","modified_gmt":"2022-10-30T18:32:45","slug":"tarifs","status":"publish","type":"page","link":"https:\/\/xn--ginkgo-sphre-6db.ch\/index.php\/tarifs\/","title":{"rendered":"Tarifs\/infos"},"content":{"rendered":"\n<p><\/p>\n\n\n\n<p><\/p>\n\n\n\n<p><\/p>\n\n\n\n<p><\/p>\n\n\n\n<figure class=\"wp-block-table alignleft\"><table><tbody><tr><td><strong>Dur\u00e9e<\/strong><\/td><td>  <\/td><td><strong>Prix<\/strong><\/td><\/tr><tr><td>S\u00e9ance de 60 min.<\/td><td>        <\/td><td> 150 CHF<\/td><\/tr><tr><td>S\u00e9ance de 75 min.<\/td><td> <\/td><td>188 CHF<\/td><\/tr><tr><td>S\u00e9ance de 90 min.<\/td><td> <\/td><td>225 CHF<\/td><\/tr><tr><td><\/td><td><\/td><td><\/td><\/tr><tr><td>Offre de 3x s\u00e9ance de 60 min.<\/td><td><\/td><td>400 CHF<\/td><\/tr><tr><td>Offre de 5x s\u00e9ance de 60 min.<\/td><td><\/td><td>700 CHF<\/td><\/tr><\/tbody><\/table><figcaption><em>Le transport et le mat\u00e9riels est compris dans le prix<\/em>.<\/figcaption><\/figure>\n\n\n\n<p class=\"has-text-align-left\"><\/p>\n\n\n\n<p><\/p>\n\n\n\n<p><\/p>\n\n\n\n<p><\/p>\n\n\n\n<p><\/p>\n\n\n\n<p><\/p>\n\n\n\n<p><\/p>\n\n\n\n<p>Les payements se font par esp\u00e8ce et par Twint \u00e0 la fin de chaque s\u00e9ance.<\/p>\n\n\n\n<p class=\"has-black-color has-text-color\">Je suis agr\u00e9\u00e9 <a href=\"http:\/\/asca.ch\/DC.aspx?content=Assureurs_conventionnes\">ASCA<\/a>, il appartient \u00e0 chaque assur\u00e9 de contr\u00f4ler au pr\u00e8s de votre assurance si vous \u00eates couvert par les soins.<\/p>\n\n\n\n<p class=\"has-black-color has-text-color\"><strong>Tout rendez-vous qui n\u2019est pas annul\u00e9 24 heures \u00e0 l\u2019avance sera factur\u00e9 de 50%<\/strong>.<\/p>\n","protected":false},"excerpt":{"rendered":"<p>Dur\u00e9e Prix S\u00e9ance de 60 min. 150 CHF S\u00e9ance de 75 min. 188 CHF S\u00e9ance de 90 min. 225 CHF Offre de 3x s\u00e9ance de 60 min. 400 CHF Offre &hellip; <\/p>\n","protected":false},"author":1,"featured_media":1203,"parent":0,"menu_order":0,"comment_status":"closed","ping_status":"closed","template":"","meta":{"om_disable_all_campaigns":false,"_uag_custom_page_level_css":"","_monsterinsights_skip_tracking":false,"_monsterinsights_sitenote_active":false,"_monsterinsights_sitenote_note":"","_monsterinsights_sitenote_category":0,"footnotes":""},"class_list":["post-924","page","type-page","status-publish","has-post-thumbnail","hentry"],"aioseo_notices":[],"uagb_featured_image_src":{"full":["https:\/\/xn--ginkgo-sphre-6db.ch\/wp-content\/uploads\/2022\/10\/beach-sun-evening-2836300.jpg",1280,720,false],"thumbnail":["https:\/\/xn--ginkgo-sphre-6db.ch\/wp-content\/uploads\/2022\/10\/beach-sun-evening-2836300-150x150.jpg",150,150,true],"medium":["https:\/\/xn--ginkgo-sphre-6db.ch\/wp-content\/uploads\/2022\/10\/beach-sun-evening-2836300-300x169.jpg",300,169,true],"medium_large":["https:\/\/xn--ginkgo-sphre-6db.ch\/wp-content\/uploads\/2022\/10\/beach-sun-evening-2836300-768x432.jpg",767,431,true],"large":["https:\/\/xn--ginkgo-sphre-6db.ch\/wp-content\/uploads\/2022\/10\/beach-sun-evening-2836300-1024x576.jpg",767,431,true],"post-slider-thumb-size":["https:\/\/xn--ginkgo-sphre-6db.ch\/wp-content\/uploads\/2022\/10\/beach-sun-evening-2836300-330x190.jpg",330,190,true],"post-category-slider-size":["https:\/\/xn--ginkgo-sphre-6db.ch\/wp-content\/uploads\/2022\/10\/beach-sun-evening-2836300-330x350.jpg",330,350,true],"1536x1536":["https:\/\/xn--ginkgo-sphre-6db.ch\/wp-content\/uploads\/2022\/10\/beach-sun-evening-2836300.jpg",1280,720,false],"2048x2048":["https:\/\/xn--ginkgo-sphre-6db.ch\/wp-content\/uploads\/2022\/10\/beach-sun-evening-2836300.jpg",1280,720,false],"blossom-spa-single":["https:\/\/xn--ginkgo-sphre-6db.ch\/wp-content\/uploads\/2022\/10\/beach-sun-evening-2836300-1280x700.jpg",1280,700,true],"blossom-spa-service":["https:\/\/xn--ginkgo-sphre-6db.ch\/wp-content\/uploads\/2022\/10\/beach-sun-evening-2836300-480x324.jpg",480,324,true],"blossom-spa-team":["https:\/\/xn--ginkgo-sphre-6db.ch\/wp-content\/uploads\/2022\/10\/beach-sun-evening-2836300-270x300.jpg",270,300,true],"blossom-spa-pagination":["https:\/\/xn--ginkgo-sphre-6db.ch\/wp-content\/uploads\/2022\/10\/beach-sun-evening-2836300-370x247.jpg",370,247,true],"blossom-spa-blog-list":["https:\/\/xn--ginkgo-sphre-6db.ch\/wp-content\/uploads\/2022\/10\/beach-sun-evening-2836300-640x480.jpg",640,480,true],"blossom-spa-blog-classic":["https:\/\/xn--ginkgo-sphre-6db.ch\/wp-content\/uploads\/2022\/10\/beach-sun-evening-2836300-776x517.jpg",776,517,true],"blossom-spa-blog-classic-full":["https:\/\/xn--ginkgo-sphre-6db.ch\/wp-content\/uploads\/2022\/10\/beach-sun-evening-2836300-1170x517.jpg",1170,517,true],"blossom-spa-related":["https:\/\/xn--ginkgo-sphre-6db.ch\/wp-content\/uploads\/2022\/10\/beach-sun-evening-2836300-110x83.jpg",110,83,true]},"uagb_author_info":{"display_name":"yuutajorand","author_link":"https:\/\/xn--ginkgo-sphre-6db.ch\/index.php\/author\/yuutajorand\/"},"uagb_comment_info":0,"uagb_excerpt":"Dur\u00e9e Prix S\u00e9ance de 60 min. 150 CHF S\u00e9ance de 75 min. 188 CHF S\u00e9ance de 90 min. 225 CHF Offre de 3x s\u00e9ance de 60 min. 400 CHF Offre &hellip;","_links":{"self":[{"href":"https:\/\/xn--ginkgo-sphre-6db.ch\/index.php\/wp-json\/wp\/v2\/pages\/924","targetHints":{"allow":["GET"]}}],"collection":[{"href":"https:\/\/xn--ginkgo-sphre-6db.ch\/index.php\/wp-json\/wp\/v2\/pages"}],"about":[{"href":"https:\/\/xn--ginkgo-sphre-6db.ch\/index.php\/wp-json\/wp\/v2\/types\/page"}],"author":[{"embeddable":true,"href":"https:\/\/xn--ginkgo-sphre-6db.ch\/index.php\/wp-json\/wp\/v2\/users\/1"}],"replies":[{"embeddable":true,"href":"https:\/\/xn--ginkgo-sphre-6db.ch\/index.php\/wp-json\/wp\/v2\/comments?post=924"}],"version-history":[{"count":29,"href":"https:\/\/xn--ginkgo-sphre-6db.ch\/index.php\/wp-json\/wp\/v2\/pages\/924\/revisions"}],"predecessor-version":[{"id":1209,"href":"https:\/\/xn--ginkgo-sphre-6db.ch\/index.php\/wp-json\/wp\/v2\/pages\/924\/revisions\/1209"}],"wp:featuredmedia":[{"embeddable":true,"href":"https:\/\/xn--ginkgo-sphre-6db.ch\/index.php\/wp-json\/wp\/v2\/media\/1203"}],"wp:attachment":[{"href":"https:\/\/xn--ginkgo-sphre-6db.ch\/index.php\/wp-json\/wp\/v2\/media?parent=924"}],"curies":[{"name":"wp","href":"https:\/\/api.w.org\/{rel}","templated":true}]}}